, 7817
List the prime factors of 1952592235.
5, 11, 35501677
What are the prime factors of 33610048?
2, 525157
What are the prime factors of 173558736?
2, 3, 13, 23, 29, 139
List the prime factors of 740786762.
2, 10477, 35353
List the prime factors of 788414490.
2, 3, 5, 8760161
List the prime factors of 3932726747.
3932726747
List the prime factors of 1596974551.
1596974551
List the prime factors of 684772456.
2, 157, 457, 1193
List the prime factors of 417269708.
2, 1439, 72493
List the prime factors of 456814792.
2, 7, 1091, 7477
What are the prime factors of 9497936?
2, 7, 137, 619
What are the prime factors of 1667932770?
2, 3, 5, 7, 7942537
What are the prime factors of 467120748?
2, 3, 29, 359, 3739
What are the prime factors of 551875863?
3, 7, 11, 2389073
List the prime factors of 23997053.
37, 43, 15083
What are the prime factors of 6212290898?
2, 11, 37, 1217, 6271
List the prime factors of 147973523.
167, 886069
What are the prime factors of 687601982?
2, 19, 641, 28229
What are the prime factors of 824124897?
3, 389, 235397
What are the prime factors of 20998851?
3, 97, 72161
What are the prime factors of 642814491?
3, 11, 19479227
List the prime factors of 217830380.
2, 5, 10891519
What are the prime factors of 76262972?
2, 53, 359731
What are the prime factors of 1678482855?
3, 5, 7, 43, 83, 1493
List the prime factors of 2803620.
2, 3, 5, 46727
List the prime factors of 11231374.
2, 7, 11, 72931
List the prime factors of 1573849101.
3, 11, 487, 97931
What are the prime factors of 75080122?
2, 13, 2887697
What are the prime factors of 3760494419?
11, 341863129
List the prime factors of 3358610826.
2, 3, 559768471
List the prime factors of 1875890006.
2, 71, 13210493
List the prime factors of 33743429.
33743429
List the prime factors of 256742786.
2, 128371393
What are the prime factors of 98638097?
17, 197, 29453
List the prime factors of 1232063005.
5, 246412601
List the prime factors of 3026582701.
73, 1123, 36919
What are the prime factors of 456701212?
2, 11, 37, 53, 67, 79
What are the prime factors of 655357585?
5, 103, 1272539
What are the prime factors of 100379113?
37, 617, 4397
What are the prime factors of 64009703?
673, 95111
What are the prime factors of 463653827?
7, 13, 19, 29, 1321
What are the prime factors of 503434111?
4567, 110233
What are the prime factors of 905224430?
2, 5, 11, 8229313
What are the prime factors of 4326583937?
13, 37, 2237, 4021
What are the prime factors of 293808978?
2, 3, 1117, 4871
What are the prime factors of 1905791109?
3, 23, 47, 593, 991
What are the prime factors of 29838601?
13, 59, 38903
List the prime factors of 188375310.
2, 3, 5, 19, 110161
What are the prime factors of 22588385?
5, 1553, 2909
What are the prime factors of 47033364?
2, 3, 7, 37, 409
List the prime factors of 14659372.
2, 7, 13, 17, 23, 103
What are the prime factors of 721364265?
3, 5, 31, 97, 1777
List the prime factors of 1510845330.
2, 3, 5, 173, 291107
List the prime factors of 1051153696.
2, 32848553
What are the prime factors of 83849091?
3, 1439, 19423
List the prime factors of 105294948.
2, 3, 11, 797689
List the prime factors of 50768370.
2, 3, 5, 233, 269
List the prime factors of 1349106521.
7, 192729503
List the prime factors of 660146692.
2, 97, 157, 10837
List the prime factors of 55728794.
2, 11, 2533127
List the prime factors of 2869016.
2, 41, 8747
List the prime factors of 343379998.
2, 13, 71, 186013
What are the prime factors of 4538893334?
2, 31, 79, 167, 179
List the prime factors of 309854179.
41, 103, 239, 307
List the prime factors of 19705334.
2, 11, 107, 761
What are the prime factors of 59027131?
23, 31, 82787
What are the prime factors of 653352105?
3, 5, 7, 37, 43, 3911
What are the prime factors of 84055536?
2, 3, 179, 1087
What are the prime factors of 175321572?
2, 3, 1093, 13367
What are the prime factors of 34422847?
47, 15583
What are the prime factors of 18950769?
3, 2105641
What are the prime factors of 4532365640?
2, 5, 11, 19, 542149
What are the prime factors of 3605565393?
3, 44513153
List the prime factors of 637478480.
2, 5, 59, 135059
List the prime factors of 460373852.
2, 115093463
What are the prime factors of 2833594058?
2, 1416797029
What are the prime factors of 1021779558?
2, 3, 673, 84347
What are the prime factors of 6394891214?
2, 3197445607
What are the prime factors of 30687607?
2111, 14537
List the prime factors of 894847812.
2, 3, 37, 2015423
What are the prime factors of 8107405582?
2, 149, 157, 1163
List the prime factors of 91324660.
2, 5, 7, 652319
List the prime factors of 28944686.
2, 281, 51503
What are the prime factors of 59253488?
2, 7, 529049
What are the prime factors of 1732557418?
2, 41, 739, 28591
What are the prime factors of 57313954?
2, 761, 37657
List the prime factors of 78494034.
2, 3, 103, 157, 809
List the prime factors of 21465749.
21465749
What are the prime factors of 106473267?
3, 11830363
What are the prime factors of 379406724?
2, 3, 433, 73019
What are the prime factors of 6675650057?
19, 351350003
What are the prime factors of 259506333?
3, 43, 670559
List the prime factors of 2342122089.
3, 37, 41, 514639
What are the prime factors of 7052387019?
3, 3019, 778667
List the prime factors of 2060288064.
2, 3, 29, 123341
What are the prime factors of 1639516460?
2, 5, 19, 157, 27481
What are the prime factors of 173796657?
3, 2129, 27211
List the prime factors of 324876587.
7, 23, 179, 11273
What are the prime factors of 384306363?
3, 7, 96827
What are the prime factors of 226422520?
2, 5, 43, 131641
List the prime factors of 98321653.
98321653
What are the prime factors of 442424841?
3, 29, 5085343
List the prime factors of 948157926.
2, 3, 158026321
List the prime factors of 4416651712.
2, 11, 1487, 4219
What are the prime factors of 977185715?
5, 11, 1615183
List the prime factors of 64265862.
2, 3, 10710977
What are the prime factors of 28708884?
2, 3, 241, 1103
What are the prime factors of 36402094?
2, 79, 230393
What are the prime factors of 370640827?
2593, 142939
List the prime factors of 52046075.
5, 2081843
What are the prime factors of 69676677?
3, 7, 22571
List the prime factors of 1919210617.
1919210617
What are the prime factors of 637138755?
3, 5, 11, 23, 191, 293
What are the prime factors of 100260160?
2, 5, 7, 11, 13, 313
What are the prime factors of 142807510?
2, 5, 41, 79, 4409
What are the prime factors of 202027540?
2, 5, 11, 13, 70639
List the prime factors of 57563152.
2, 613, 5869
What are the prime factors of 393450824?
2, 13, 3783181
What are the prime factors of 43582151?
743, 58657
What are the prime factors of 400315260?
2, 3, 5, 6671921
List the prime factors of 2061561105.
3, 5, 15270823
What are the prime factors of 80023351?
97, 824983
What are the prime factors of 51460441?
47, 139, 7877
List the prime factors of 241785309.
3, 113, 479, 1489
What are the prime factors of 4193795518?
2, 11, 17, 11213357
What are the prime factors of 191495790?
2, 3, 5, 73, 29147
What are the prime factors of 183564194?
2, 11, 73, 114299
What are the prime factors of 65704759?
65704759
What are the prime factors of 539812126?
2, 7, 5508287
What are the prime factors of 253445554?
2, 17, 7454281
What are the prime factors of 34146750?
2, 3, 5, 11, 4139
List the prime factors of 305254275.
3, 5, 23, 311, 569
List the prime factors of 1036383224.
2, 1523, 85061
List the prime factors of 249340473.
3, 27704497
List the prime factors of 12773670.
2, 3, 5, 7, 13, 4679
What are the prime factors of 101227515?
3, 5, 6748501
List the prime factors of 88352871.
3, 2473, 11909
What are the prime factors of 206753052?
2, 3, 11, 89, 17599
What are the prime factors of 2368100824?
2, 296012603
List the prime factors of 1507366133.
7, 13, 16564463
List the prime factors of 1118605613.
1118605613
List the prime factors of 2097360711.
3, 2161, 107839
What are the prime factors of 19314388?
2, 23, 209939
List the prime factors of 4309832463.
3, 1663, 863867
What are the prime factors of 124310455?
5, 24862091
What are the prime factors of 222368844?
2, 3, 47, 394271
What are the prime factors of 271123966?
2, 135561983
What are the prime factors of 43244412?
2, 3, 43, 1949
List the prime factors of 325324580.
2, 5, 7,